at is 718246 - -1?
718247
In base 8, what is 1341252672 - 5?
1341252665
In base 10, what is -35 + -27207?
-27242
In base 16, what is 4581995 - -1?
4581996
In base 13, what is -91923 + 1645?
-902ab
In base 4, what is 1 + 1213331003?
1213331010
In base 14, what is 403 - 32475?
-32072
In base 12, what is -961b911 + -59?
-961b96a
In base 12, what is -1165 - -1509?
364
In base 3, what is -10120100111 - -112102?
-10112211002
In base 16, what is 151 + -1309?
-11b8
In base 13, what is -6a3 + -11925?
-122c8
In base 10, what is -642049 + 7?
-642042
In base 7, what is 1041 + -215002?
-213631
In base 15, what is -51b1086 - -4?
-51b1082
In base 13, what is 78cb - 804?
70c7
In base 6, what is 212 + 21040014?
21040230
In base 2, what is 100 - 1000010010100001001000001010?
-1000010010100001001000000110
In base 6, what is 2442 - 144114?
-141232
In base 11, what is 8792 + -a67?
7826
In base 14, what is 18 + 1aa11d?
1aa137
In base 11, what is -621574 + 0?
-621574
In base 11, what is 146a8 - 916?
13892
In base 4, what is -211130033 + 13212?
-211110221
In base 16, what is -14b506f + -5?
-14b5074
In base 10, what is -49809 - -731?
-49078
In base 4, what is -200230111 - -1320?
-200222131
In base 8, what is 245376007 - 2?
245376005
In base 7, what is 6554 - 112435?
-102551
In base 10, what is 3361 + -9077?
-5716
In base 12, what is -94 - -1246046?
1245b72
In base 2, what is -1100010001100101001 + 1010?
-1100010001100011111
In base 2, what is -110011111011 + -111000101?
-111011000000
In base 13, what is -639b + a236?
3b68
In base 7, what is 2514516204 + -2?
2514516202
In base 8, what is -15 + 4161674?
4161657
In base 16, what is 219 - 1a757?
-1a53e
In base 16, what is cc3c2 - 26?
cc39c
In base 8, what is -2306 + -25166?
-27474
In base 13, what is -1118488 + 2a?
-111845b
In base 14, what is 241 + 9496?
96d7
In base 3, what is -102202211 - -212022212?
102120001
In base 12, what is 251bb - 2b0?
24b0b
In base 13, what is -6a046 - -13?
-6a033
In base 3, what is 1002202020 + 10120?
1002212210
In base 6, what is -5 - 131031102?
-131031111
In base 13, what is -1 - -4c0941c?
4c0941b
In base 10, what is 48052 - -626?
48678
In base 6, what is 555134431 - 1?
555134430
In base 9, what is -166728 - -444?
-166274
In base 7, what is -232335 - -11613?
-220422
In base 9, what is -37074 - 573?
-37657
In base 11, what is -4a64 - -2a756?
257a2
In base 3, what is -2211111 - -12222021021?
12212102210
In base 10, what is 2020075 - 254?
2019821
In base 14, what is 309 + 344cb8?
3451c3
In base 9, what is 28 - 851166?
-851137
In base 11, what is -1575 + 8a39?
7474
In base 2, what is 100000000110 - -1001110110010001?
1010010110010111
In base 2, what is 101111101110100100101 - -101?
101111101110100101010
In base 2, what is -10111110 - 110001100101110?
-110001111101100
In base 16, what is 27fff2 - 9?
27ffe9
In base 11, what is 9627a - 259?
96021
In base 7, what is -100425535 + 10?
-100425525
In base 12, what is 70 + 633a4?
63454
In base 2, what is -11110 + -1011111000011001101111?
-1011111000011010001101
In base 10, what is 11312 + 16717?
28029
In base 8, what is 1323 + 41?
1364
In base 11, what is 7 - -731267?
731273
In base 10, what is 413776 + 63?
413839
In base 10, what is -227420 - 9?
-227429
In base 10, what is -107 + -6224204?
-6224311
In base 9, what is -117 + -334?
-452
In base 15, what is 24058 + 1ae?
24217
In base 10, what is 4856 + 809?
5665
In base 6, what is 512 - 1411342?
-1410430
In base 7, what is 2 + 134250365?
134250400
In base 4, what is -12320110221 + 20020?
-12320030201
In base 9, what is -1 + 205487125?
205487124
In base 9, what is 4 - -8131852?
8131856
In base 16, what is 11 - 60a82b?
-60a81a
In base 15, what is 5 - 2033985?
-2033980
In base 5, what is -11002400 + 222?
-11002123
In base 2, what is -11101001001001001 - 1110001011?
-11101010111010100
In base 9, what is 110635 + -285?
110340
In base 16, what is 2fe12e + f?
2fe13d
In base 2, what is 1100110000110 - 1110101100?
1010111011010
In base 8, what is 64015133 - -15?
64015150
In base 10, what is -3281112 - 80?
-3281192
In base 4, what is -11202 + -10112230?
-10130032
In base 13, what is 1 - -17c49c0?
17c49c1
In base 14, what is 5 + 5d03ca5?
5d03caa
In base 5, what is 3120 - 131420?
-123300
In base 11, what is -74 - 982a66?
-98302a
In base 6, what is 2 - 2111202341?
-2111202335
In base 4, what is 1012303210 + 1203?
1012311013
In base 11, what is -228 + 136196?
135a69
In base 4, what is -32001102 - 30332?
-32032100
In base 9, what is 1178887 - 7?
1178880
In base 3, what is 12111021012 - -1020?
12111022102
In base 4, what is -123201011 - 123?
-123201200
In base 6, what is 30 - 4501103213?
-4501103143
In base 16, what is 5 + 72fbf95?
72fbf9a
In base 12, what is -638b + 20286?
15ab7
In base 3, what is -110 + 20110021121220?
20110021121110
In base 16, what is 17d6938 + 3?
17d693b
In base 6, what is 53 - -25211544?
25212041
In base 5, what is -21331303 + -414?
-21332222
In base 7, what is -3 + -1452631155?
-1452631161
In base 9, what is -13 + -1337511?
-1337524
In base 11, what is -50 + -890a0?
-89140
In base 4, what is -1002321 - 13023?
-1022010
In base 11, what is -8 - 3595762?
-359576a
In base 15, what is 1 + 327dd13?
327dd14
In base 2, what is 1100101111101110000 + 1101?
1100101111101111101
In base 13, what is 43 + 27699?
2770c
In base 10, what is -12832 - -9902?
-2930
In base 4, what is 2303031211 + 2?
2303031213
In base 4, what is 3 + 21312201032?
21312201101
In base 15, what is -1898b3d + 5?
-1898b38
In base 12, what is -19b + -140193?
-140372
In base 8, what is 346 + -72076?
-71530
In base 10, what is -547142 + 12?
-547130
In base 3, what is -22112112 - -12110202012?
12011012200
In base 10, what is 13818 + -103?
13715
In base 3, what is 2122010201 + 2011?
2122012212
In base 6, what is 3 + -2413100124?
-2413100121
In base 6, what is -100440003 - -1220?
-100434343
In base 11, what is 13 - 254607?
-2545a4
In base 6, what is -132 - -234305030?
234304454
In base 13, what is 34 - -1c8906?
1c893a
In base 15, what is 400 + be857?
bec57
In base 11, what is 5 + 7135a0?
7135a5
In base 5, what is -2313 + -3343122?
-3400440
In base 5, what is -121033114 + -10?
-121033124
In base 4, what is 1013 + 321332001?
321333020
In base 7, what is 3 + 663223?
663226
In base 16, what is 473a05 + 3?
473a08
In base 10, what is 37 - 135993?
-135956
In base 5, what is 20 - 104224202040?
-104224202020
In base 6, what is -1 + 221430504?
221430503
In base 3, what is -12 + -11112200011211020?
-11112200011211102
In base 10, what is 314457 - 220?
314237
In base 7, what is 5413212 + 50?
5413262
In base 9, what is -13574 + -62836?
-76521
In base 14, what is 43d92 - -593?
44545
In base 9, what is -1660771 - -100?
-1660671
In base 12, what is -96b - 14460?
-1520b
In base 13, what is -16c644 + 17?
-16c62a
In base 11, what is 170aa5 + 259?
171253
In base 4, what is 112023 + -20012321?
-13300232
In base 4, what is -12 - 12103221303313?
-12103221303331
In base 13, what is -112c174 - -20?
-112c154
In base 10, what is 2331 + 8979?
11310
In base 13, what is 7 + -36057b?
-360574
In base 4, what is 233210003212 - -10?
233210003222
In base 5, what is -13441444341 - -2?
-13441444334
In base 13, what is -7bbcc + -9?
-7bc08
In base 7, what is 22033 + -40500?
-15434
In base 5, what is 2030222 - -2004?
2032231
In base 4, what is -3 - 11101022?
-11101031
In base 8, what is -301267211 - 2?
-301267213
In base 12, what is 3 + 20bbaaa3?
20bbaaa6
In base 6, what is -154044345 - -110?
-154044235
In base 2, what is -10 - -1110111110001111010010?
1110111110001111010000
In base 10, what is -6 + -22226454?
-22226460
In base 3, what is -111100020101 - 110110?
-111100200211
In base 6, what is 42523 + -315112?
-232145
In base 12, what is -29 + -4553a2?
-45540b
In base 13, what is -2b4549 + 0?
-2b4549
In base 10, what is -418421 + -3?
-418424
In base 13, what is 257945 + -c?
257936
In base 7, what is -1065665 - -3235?
-1062430
In base 15, what is -d - 493850?
-49385d
In base 13, what is -8a + -528314?
-5283a1
In base 15, what is 5 + -3d0c9e?
-3d0c99
In base 13, what is 2826 + 407?
2c30
In base 15, what is b17 - -2c39?
3851
In base 12, what is a - 42a548?
-42a53a
In base 8, what is 13666247 + -6?
13666241
In base 9, what is -3 + -8123588?
-8123602
In base 3, what is -1012021201211012